?
9
Calculate the remainder when 228 is divided by 14.
4
Calculate the remainder when 15 is divided by 5.
0
Calculate the remainder when 3448 is divided by 69.
67
Calculate the remainder when 332 is divided by 14.
10
Calculate the remainder when 444 is divided by 147.
3
Calculate the remainder when 2157 is divided by 717.
6
Calculate the remainder when 21 is divided by 7.
0
What is the remainder when 2076 is divided by 27?
24
Calculate the remainder when 67 is divided by 12.
7
What is the remainder when 342 is divided by 86?
84
Calculate the remainder when 797 is divided by 115.
107
Calculate the remainder when 205 is divided by 9.
7
Calculate the remainder when 3673 is divided by 3661.
12
Calculate the remainder when 1222 is divided by 18.
16
Calculate the remainder when 46439 is divided by 216.
215
Calculate the remainder when 2277 is divided by 15.
12
Calculate the remainder when 111 is divided by 22.
1
What is the remainder when 50 is divided by 22?
6
What is the remainder when 271 is divided by 34?
33
Calculate the remainder when 3377 is divided by 65.
62
What is the remainder when 15 is divided by 3?
0
What is the remainder when 43 is divided by 11?
10
Calculate the remainder when 48 is divided by 17.
14
What is the remainder when 254 is divided by 69?
47
Calculate the remainder when 109 is divided by 63.
46
What is the remainder when 1948 is divided by 967?
14
Calculate the remainder when 641 is divided by 130.
121
What is the remainder when 598 is divided by 30?
28
What is the remainder when 442 is divided by 25?
17
Calculate the remainder when 8058 is divided by 36.
30
Calculate the remainder when 951 is divided by 53.
50
What is the remainder when 541 is divided by 39?
34
Calculate the remainder when 477 is divided by 20.
17
What is the remainder when 983 is divided by 323?
14
What is the remainder when 3090 is divided by 163?
156
Calculate the remainder when 347 is divided by 172.
3
Calculate the remainder when 752 is divided by 176.
48
What is the remainder when 567 is divided by 5?
2
Calculate the remainder when 273 is divided by 67.
5
Calculate the remainder when 796 is divided by 396.
4
What is the remainder when 41 is divided by 23?
18
What is the remainder when 307 is divided by 14?
13
What is the remainder when 10206 is divided by 44?
42
Calculate the remainder when 1449 is divided by 22.
19
What is the remainder when 1203 is divided by 597?
9
What is the remainder when 96 is divided by 14?
12
What is the remainder when 173 is divided by 43?
1
What is the remainder when 162 is divided by 58?
46
What is the remainder when 158 is divided by 40?
38
Calculate the remainder when 521 is divided by 40.
1
What is the remainder when 103 is divided by 26?
25
Calculate the remainder when 76 is divided by 66.
10
What is the remainder when 764 is divided by 245?
29
Calculate the remainder when 5695 is divided by 95.
90
Calculate the remainder when 241 is divided by 86.
69
What is the remainder when 1308 is divided by 82?
78
What is the remainder when 180 is divided by 23?
19
Calculate the remainder when 757 is divided by 10.
7
Calculate the remainder when 319 is divided by 28.
11
What is the remainder when 666 is divided by 181?
123
What is the remainder when 72884 is divided by 215?
214
What is the remainder when 1302 is divided by 316?
38
Calculate the remainder when 37 is divided by 20.
17
Calculate the remainder when 825 is divided by 23.
20
What is the remainder when 397 is divided by 57?
55
What is the remainder when 126 is divided by 16?
14
What is the remainder when 350 is divided by 10?
0
Calculate the remainder when 357 is divided by 36.
33
Calculate the remainder when 98 is divided by 29.
11
Calculate the remainder when 929 is divided by 93.
92
What is the remainder when 9902 is divided by 31?
13
What is the remainder when 160 is divided by 62?
36
What is the remainder when 648 is divided by 218?
212
Calculate the remainder when 287 is divided by 69.
11
What is the remainder when 75 is divided by 30?
15
Calculate the remainder when 141 is divided by 47.
0
Calculate the remainder when 259 is divided by 8.
3
Calculate the remainder when 5539 is divided by 23.
19
What is the remainder when 397 is divided by 119?
40
Calculate the remainder when 683 is divided by 392.
291
What is the remainder when 693 is divided by 12?
9
Calculate the remainder when 3742 is divided by 39.
37
Calculate the remainder when 20006 is divided by 27.
26
What is the remainder when 260 is divided by 251?
9
Calculate the remainder when 20 is divided by 5.
0
What is the remainder when 88 is divided by 33?
22
What is the remainder when 200 is divided by 44?
24
Calculate the remainder when 475 is divided by 81.
70
Calculate the remainder when 333 is divided by 48.
45
What is the remainder when 2790 is divided by 100?
90
What is the remainder when 1482 is divided by 297?
294
Calculate the remainder when 889 is divided by 99.
97
What is the remainder when 305 is divided by 134?
37
Calculate the remainder when 31 is divided by 12.
7
Calculate the remainder when 21672 is divided by 17.
14
What is the remainder when 485 is divided by 86?
55
What is the remainder when 562 is divided by 142?
136
What is the remainder when 178 is divided by 26?
22
What is the remainder when 292 is divided by 99?
94
What is the remainder when 41 is divided by 18?
5
Calculate the remainder when 321 is divided by 7.
6
Calculate the remainder when 1819 is divided by 70.
69
Calculate the remainder when 5427 is divided by 10.
7
What is the remainder when 269 is divided by 109?
51
What is the remainder when 670 is divided by 32?
30
What is the remainder when 822 is divided by 142?
112
Calculate the remainder when 147 is divided by 46.
9
Calculate the remainder when 257 is divided by 6.
5
What is the remainder when 8852 is divided by 38?
36
Calculate the remainder when 150 is divided by 70.
10
What is the remainder when 83 is divided by 53?
30
Calculate the remainder when 276 is divided by 44.
12
Calculate the remainder when 1402 is divided by 278.
12
What is the remainder when 572 is divided by 45?
32
What is the remainder when 1034 is divided by 45?
44
Calculate the remainder when 13 is divided by 7.
6
What is the remainder when 585 is divided by 103?
70
What is the remainder when 781 is divided by 40?
21
What is the remainder when 565 is divided by 8?
5
What is the remainder when 8 is divided by 7?
1
Calculate the remainder when 2579 is divided by 55.
49
What is the remainder when 68 is divided by 36?
32
What is the remainder when 173 is divided by 44?
41
What is the remainder when 241 is divided by 6?
1
Calculate the remainder when 685 is divided by 99.
91
What is the remainder when 237 is divided by 40?
37
What is the remainder when 10 is divided by 4?
2
Calculate the remainder when 3362 is divided by 116.
114
What is the remainder when 1324 is divided by 78?
76
What is the remainder when 9699 is divided by 66?
63
What is the remainder when 1604 is divided by 67?
63
What is the remainder when 362 is divided by 66?
32
Calculate the remainder when 109 is divided by 7.
4
Calculate the remainder when 275 is divided by 93.
89
Calculate the remainder when 8729 is divided by 15.
14
Calculate the remainder when 73 is divided by 43.
30
What is the remainder when 61 is divided by 34?
27
What is the remainder when 912 is divided by 84?
72
Calculate the remainder when 723 is divided by 168.
51
Calculate the remainder when 264 is divided by 69.
57
What is the remainder when 206 is divided by 10?
6
Calculate the remainder when 605 is divided by 87.
83
What is the remainder when 319 is divided by 107?
105
What is the remainder when 107 is divided by 12?
11
What is the remainder when 4866 is divided by 10?
6
What is the remainder when 190 is divided by 90?
10
What is the remainder when 335 is divided by 69?
59
Calculate the remainder when 142 is divided by 71.
0
What is the remainder when 72 is divided by 25?
22
Calculate the remainder when 101 is divided by 25.
1
What is the remainder when 1087 is divided by 39?
34
Calculate the remainder when 797 is divided by 4.
1
Calculate the remainder when 3449 is divided by 345.
344
What is the remainder when 1543 is divided by 91?
87
Calculate the remainder 